3
List the prime factors of 66096780.
2, 3, 5, 1101613
List the prime factors of 1257248190.
2, 3, 5, 11, 41, 43, 2161
List the prime factors of 1633891250.
2, 5, 17, 23, 3343
List the prime factors of 48292921.
48292921
What are the prime factors of 276684822?
2, 3, 1707931
List the prime factors of 16238643.
3, 5412881
What are the prime factors of 19160998?
2, 127, 75437
List the prime factors of 803933951.
197, 1399, 2917
List the prime factors of 100239755.
5, 7, 11, 260363
List the prime factors of 64910404.
2, 13, 31, 67, 601
What are the prime factors of 278015103?
3, 179, 172573
What are the prime factors of 2423635?
5, 484727
What are the prime factors of 21642615?
3, 5, 17, 19, 1489
What are the prime factors of 94400796?
2, 3, 7, 17, 66107
List the prime factors of 1547157822.
2, 3, 7, 241, 152851
What are the prime factors of 64028918?
2, 23, 1391933
What are the prime factors of 1559849904?
2, 3, 10832291
List the prime factors of 1284693279.
3, 428231093
What are the prime factors of 140892894?
2, 3, 23, 340321
List the prime factors of 4785205.
5, 957041
What are the prime factors of 287413263?
3, 281, 113647
What are the prime factors of 30518087?
47, 649321
What are the prime factors of 1937020996?
2, 13613, 35573
List the prime factors of 63169166.
2, 521, 60623
List the prime factors of 1094502468.
2, 3, 1879, 48541
List the prime factors of 211742004.
2, 3, 17, 19, 54629
List the prime factors of 403453759.
403453759
List the prime factors of 11477253.
3, 23, 41, 4057
What are the prime factors of 161423592?
2, 3, 11, 611453
List the prime factors of 1177731484.
2, 73, 109, 37003
What are the prime factors of 116051966?
2, 58025983
List the prime factors of 582923033.
7, 11, 89, 85061
List the prime factors of 2539761073.
43, 83, 711617
List the prime factors of 2711677850.
2, 5, 7, 1201, 6451
What are the prime factors of 25663036?
2, 7, 916537
List the prime factors of 782953758.
2, 3, 109, 399059
What are the prime factors of 60451240?
2, 5, 31, 48751
What are the prime factors of 384750861?
3, 11, 11659117
What are the prime factors of 14074346?
2, 11, 13, 49211
List the prime factors of 1409572342.
2, 19, 23, 70121
What are the prime factors of 97606420?
2, 5, 19, 397, 647
List the prime factors of 34237789.
34237789
What are the prime factors of 3636937173?
3, 1212312391
What are the prime factors of 188433862?
2, 94216931
List the prime factors of 7802370782.
2, 37, 2137, 49339
What are the prime factors of 33407599?
79, 422881
List the prime factors of 53457145.
5, 7, 1527347
List the prime factors of 29073780.
2, 3, 5, 161521
List the prime factors of 933361511.
933361511
What are the prime factors of 31088402?
2, 67, 232003
List the prime factors of 30005855.
5, 11, 163, 3347
List the prime factors of 50987519.
11, 181, 25609
List the prime factors of 938745133.
107, 8773319
What are the prime factors of 7666844?
2, 37, 51803
What are the prime factors of 79904889?
3, 29, 306149
What are the prime factors of 1618712674?
2, 4483, 180539
What are the prime factors of 52442342?
2, 167, 157013
List the prime factors of 202527023.
19, 757, 14081
List the prime factors of 2880855.
3, 5, 64019
List the prime factors of 68328280.
2, 5, 1708207
What are the prime factors of 52903518?
2, 3, 8817253
What are the prime factors of 7217470245?
3, 5, 19, 25324457
List the prime factors of 57998482.
2, 79, 331, 1109
What are the prime factors of 329717515?
5, 65943503
List the prime factors of 4200727236.
2, 3, 350060603
What are the prime factors of 490637198?
2, 14011, 17509
What are the prime factors of 30739073?
31, 761, 1303
List the prime factors of 1462292563.
1462292563
What are the prime factors of 193775030?
2, 5, 1583, 12241
What are the prime factors of 98671629?
3, 7, 283, 16603
List the prime factors of 1812875974.
2, 7, 13, 769, 12953
List the prime factors of 727864386.
2, 3, 121310731
What are the prime factors of 16684244?
2, 127, 32843
What are the prime factors of 42001793?
42001793
List the prime factors of 250933890.
2, 3, 5, 191, 43793
What are the prime factors of 372209270?
2, 5, 37, 1005971
List the prime factors of 138067226.
2, 11, 53, 118411
List the prime factors of 2308036080.
2, 3, 5, 7, 409, 3359
List the prime factors of 142782678.
2, 3, 7932371
List the prime factors of 8649183.
3, 2883061
What are the prime factors of 154748?
2, 11, 3517
List the prime factors of 414683878.
2, 7, 71, 417187
List the prime factors of 267620116.
2, 66905029
List the prime factors of 966937087.
43, 22486909
What are the prime factors of 48340379?
223, 239, 907
List the prime factors of 1396751713.
7, 3011, 9467
List the prime factors of 3539472144.
2, 3, 13, 5672231
List the prime factors of 2252839777.
2417, 932081
List the prime factors of 3322926459.
3, 29, 197, 64627
List the prime factors of 930937302.
2, 3, 51718739
What are the prime factors of 149561659?
13, 37, 239, 1301
What are the prime factors of 20490787?
20490787
What are the prime factors of 7127211?
3, 7, 13, 26107
What are the prime factors of 157699698?
2, 3, 13, 37, 53, 1031
What are the prime factors of 2280362432?
2, 853, 41771
List the prime factors of 93830491.
93830491
List the prime factors of 336216268.
2, 1979, 42473
What are the prime factors of 91377446?
2, 45688723
List the prime factors of 35112207.
3, 13, 239, 3767
List the prime factors of 136438788.
2, 3, 109, 104311
What are the prime factors of 22486772?
2, 7, 11, 73009
List the prime factors of 141622280.
2, 5, 47, 71, 1061
What are the prime factors of 887890052?
2, 7, 31710359
What are the prime factors of 59071387?
59071387
What are the prime factors of 590669609?
137, 1009, 4273
What are the prime factors of 1021850127?
3, 17, 37, 60169
What are the prime factors of 411899071?
17401, 23671
List the prime factors of 72057011.
13, 1847, 3001
What are the prime factors of 116518775?
5, 293, 15907
List the prime factors of 281827139.
11, 17, 1507097
What are the prime factors of 249462054?
2, 3, 593, 23371
What are the prime factors of 16873367?
7, 17, 141793
List the prime factors of 3824603934.
2, 3, 17, 107, 350431
What are the prime factors of 815474515?
5, 89, 769, 2383
What are the prime factors of 1343841773?
61, 22030193
List the prime factors of 42134517.
3, 17, 275389
What are the prime factors of 50147661?
3, 16715887
List the prime factors of 3798610516.
2, 283, 3355663
List the prime factors of 1724039304.
2, 3, 13, 425059
What are the prime factors of 168818636?
2, 7, 17, 354661
List the prime factors of 7079442211.
7079442211
List the prime factors of 632883217.
19, 83, 401321
What are the prime factors of 125785145?
5, 103, 244243
What are the prime factors of 165651523?
43, 3852361
What are the prime factors of 776829480?
2, 3, 5, 7, 53, 17449
What are the prime factors of 947744619?
3, 73, 1009, 4289
List the prime factors of 37595970.
2, 3, 5, 417733
What are the prime factors of 400199867?
4649, 86083
List the prime factors of 19001625.
3, 5, 50671
What are the prime factors of 161742189?
3, 7, 71, 15497
What are the prime factors of 200445020?
2, 5, 10022251
List the prime factors of 261314211.
3, 137, 635801
List the prime factors of 8241100738.
2, 13, 14633, 21661
What are the prime factors of 200897671?
13, 157, 257, 383
List the prime factors of 90613083.
3, 11, 43, 63857
What are the prime factors of 33412362?
2, 3, 5568727
List the prime factors of 741607002.
2, 3, 4577821
List the prime factors of 998134914.
2, 3, 7, 41, 579637
List the prime factors of 4197867730.
2, 5, 7, 193, 44389
List the prime factors of 1447153360.
2, 5, 29, 541, 1153
What are the prime factors of 1010319375?
3, 5, 13, 181, 229
What are the prime factors of 409150058?
2, 61, 127, 26407
List the prime factors of 57335815.
5, 17, 631, 1069
What are the prime factors of 29974082?
2, 769, 19489
What are the prime factors of 15336346?
2, 17, 451069
What are the prime factors of 2385631753?
31, 277, 367, 757
What are the prime factors of 41711280?
2, 3, 5, 13, 29, 461
What are the prime factors of 35214088?
2, 7, 13, 48371
List the prime factors of 1570264044.
2, 3, 19, 29, 237487
List the prime factors of 3367077220.
2, 5, 13, 12950297
What are the prime factors of 178247349